8*v**2 - 2*v - 16. Let c(z) be the second derivative of u(z). Give c(-7).
5
Let y(r) = 3*r + 9. Suppose 67*b + 6 = 69*b + f, 5*b + 6 = f. Determine y(b).
9
Let d(h) = 4 + h**2 + 2 + 0*h**2 + 8*h. Suppose -73*a + 64*a = -117. Let w(u) = -u**3 + 15*u**2 - 29*u + 32. Let p be w(a). Determine d(p).
-1
Let t(i) be the first derivative of i**4/4 + 5*i**3/3 + i**2 + 5*i - 1. Suppose 1190 = -21*f + 525 + 560. What is t(f)?
-5
Let s(b) = 21*b - 2. Let t(y) = -9*y + 1. Let r(h) = 2*s(h) + 5*t(h). Suppose -25 = 2*w - 7. Let o = w + 13. Determine r(o).
-11
Let d be 5*(-52)/(-10) - -2. Suppose -5*m = -5, -m + 5*m = -3*i + 28. Let n(w) = w - d + 13 + 12 + i. What is n(-6)?
-1
Let w(j) = 23*j**2 + 16*j - 29. Let x(l) = 9*l**2 + 8*l - 15. Let p(a) = 2*w(a) - 5*x(a). Determine p(5).
2
Let q(w) be the third derivative of w**8/20160 + w**7/420 + w**6/80 - 19*w**5/15 - 181*w**2. Let h(a) be the third derivative of q(a). Determine h(-10).
-11
Suppose -y = 11*r - 12*r - 1, 3 = y - 2*r. Let q(v) = 4*v**2 + 2*v. Give q(y).
2
Let d(p) = p**3 - 12*p**2 + 20*p - 49 + 89 - 46. Let y be d(10). Let h(g) = -g + 8. Give h(y).
14
Let v(d) = -d**2 - 6*d. Suppose y - 1 = 4*x, 4*x = -x - 4*y + 25. Suppose c = x - 7. What is v(c)?
0
Let y be (-6)/((-7)/((-196)/(-8))). Let m(f) = -9*f**2 + f + y*f**2 - 11*f**2 - f**3 + 8 + 2. Let u(o) = -5*o - 150. Let z be u(-30). Give m(z).
10
Let y(k) = 9*k - 132. Let q(g) = 20*g - 269. Let b(d) = 2*q(d) - 5*y(d). Calculate b(26).
-8
Let m(u) = u**3 + 7*u**2 - 3. Let z be m(-7). Let k(n) be the third derivative of n**4/3 - n**3/2 - 3352*n**2. Determine k(z).
-27
Let u be -5*((-4)/12)/((-10)/(-12)). Suppose -y = -5*j + u, -8*j - 22 = -4*y - 3*j. Let v(w) = w + 9. What is v(y)?
17
Let u(m) = -m**2 - 4*m + 2. Suppose 5*j + 122 = 2*k + 2*k, -5*k + 16 = -j. Let h be (-447)/(-21) - ((-64)/28)/(-8). Let s = h + j. Calculate u(s).
-3
Let l be (-2)/(-3 + (-2)/(-1)). Let w be 54/(-7) + l/(-7). Let m(v) be the first derivative of v**2 + 12*v - 194400. Give m(w).
-4
Let z be 1 + 21 - (-262 + 278). Let d = 2 - 0. Let w(c) = 4*c + 0*c - c - d*c. Calculate w(z).
6
Suppose -4*v = 2*x + 26, x + 1 = 6. Let u(a) = -303*a**2 - 43*a - 28. Let c(y) = 91*y**2 + 14*y + 10. Let b(z) = -10*c(z) - 3*u(z). Give b(v).
2
Let p(j) = j**2 + j - 2. Let a = -72 - -157. Let z = -81 + a. Suppose z*w - 2 = -10. Calculate p(w).
0
Let f(t) = -t**3 + 2*t**2 + 6*t - 7. Let y(i) = 43*i + 562. Let z be y(-13). Give f(z).
2
Let g(c) = -c**3 + 2*c**2 + c. Let m be g(-2). Let k(s) = m*s + 2 + 10*s - 8 - 16*s - s**2. Let v be k(3). Let f(r) = -r**3 + 9*r**2 + 2*r - 9. Give f(v).
9
Let s(c) = 22*c + 50. Suppose 19 - 59 + 10 = 15*y. Determine s(y).
6
Suppose -35 = -14*b - 7. Suppose -4*c - 3 = 5*y - 1, 2*c + 8 = y. Let m(n) = 7*n**b - 1 + 1 + n**3 - 4 + 8*n + 2*n**y. Calculate m(-8).
-4
Let g(s) be the second derivative of -11*s**4/6 - s**3/6 + s**2/2 + 134*s + 5. Determine g(-2).
-85
Let m(a) = -2*a**3 + 46*a**2 + 14. Let t(g) = g**3 + 7*g**2 + 23*g + 184. Let i be t(-7). Give m(i).
14
Let p(a) = -a + 6. Let i(l) be the first derivative of 3*l**2 - 27*l + 50. Let v(r) = -2*i(r) - 11*p(r). What is v(-15)?
3
Let q be (-22)/(-66) - (8556/9)/(-4). Let c = 237 - q. Let h(t) = 15*t + 1. Determine h(c).
-14
Let y = -24448 - -24448. Let c(i) = 3*i - 28. Let d(q) = -q - 1. Let m(x) = -c(x) - 2*d(x). What is m(y)?
30
Let p(n) = -7*n + 1. Let x(d) be the second derivative of 11*d**3/3 - 2*d**2 + 10*d - 1. Let g(t) = -7*p(t) - 2*x(t). Let u be 1*(2 - (-1 - -1)). Give g(u).
11
Let u = -5057 + 5060. Let f(i) = 4*i - 11. Determine f(u).
1
Let l(s) = s + 8. Let t(v) = -v**3 - 7*v**2 + 14*v - 4. Let m be t(-9). Let k = -38 + m. Give l(k).
2
Let d(x) be the third derivative of x**6/120 + x**5/30 - 3*x**4/4 + 8*x**3/3 - 196*x**2 - 22*x. What is d(-6)?
-20
Let r(c) = c**2 - 6*c + 4. Let l(y) = -64*y - 94 + 19*y + 20*y + 15*y. Let v be l(-10). Calculate r(v).
4
Let f(a) be the first derivative of -2*a**2 - 2*a - 1433. What is f(12)?
-50
Let l(x) = -x**2 + 293*x + 12574. Let i be l(-38). Let o(w) = -4*w + 8. Let n(q) = -q. Let d(p) = 6*n(p) - o(p). Calculate d(i).
0
Let f(o) = 11*o + 2*o**2 - 3 - o**2 + 8. Let g = 48682 + -48691. Determine f(g).
-13
Let r = 202 + -131. Let b = -64 + r. Suppose 4*d = -b*d - 11. Let y(w) = -5*w**3. Give y(d).
5
Suppose 0 = -3*t + 18 - 3, 122 = -3*s - 5*t. Let m = 47 + s. Let v(a) be the first derivative of -a**3 + a**2 - a - 2. Calculate v(m).
-17
Let f(j) be the second derivative of 60*j + 1/6*j**4 + 0 + 5/6*j**3 + 5/2*j**2. Determine f(-5).
30
Let l(b) = -15*b - 10. Let x(d) = 5*d + 3. Let q(v) = 4*l(v) + 14*x(v). Suppose 68*f - 3*z = 73*f + 39, -2*f - 5*z = 46. Determine q(f).
-28
Suppose 15 - 2 = -4*p - 5*h, -3*p - 2*h = 8. Suppose 5*c - 3*d - 23 = c, -5*c + 4*d + 30 = 0. Let n(a) = -a**c - 14 - 22 - a**3 + 37 - 2*a. Give n(p).
9
Let m(f) = 6*f**2 - 12*f - 12. Let h(v) = 4*v**2 - 8*v - 9. Let w(a) = 5*h(a) - 3*m(a). Determine w(4).
7
Let t(x) be the first derivative of -x**4 - 8*x**3/3 + x**2/2 + 2*x + 2469. Calculate t(-1).
-3
Let b(f) = f**2 - 8*f + 7. Let r(p) = p + 3. Let u(l) = -2*l**2 + 2*l - 36. Let c(t) = -10*r(t) - u(t). Let y be c(6). Determine b(y).
-5
Suppose -4*u + 9 + 3 = 0. Suppose 27 = 5*v - u. Suppose 0 = q + v*o - 2*o - 14, 5*q - 2*o + 18 = 0. Let f(c) = c**3 + 2*c**2 - c - 1. What is f(q)?
1
Let m(k) be the second derivative of 13*k**5/20 + k**3/3 + k**2/2 - 3*k. Suppose 28*a + y = 31*a + 7, 4*y = 4*a + 20. What is m(a)?
-14
Let h(l) = -l**2 + 2. Suppose 4*r = -f + 36, -2*r + 6 = 5*f - 30. Suppose 3*o - 4*z - 33 = -43, 0 = -2*o - z + r. Give h(o).
-2
Let p(c) be the second derivative of -c**3/2 + 61*c**2/2 + 1024*c. Calculate p(19).
4
Suppose -5*k - 40 = -3*h, 68*k - 64*k + 32 = 3*h. Let f(v) be the first derivative of v**3/3 + v**2/2 - 1. Give f(h).
0
Let j(w) = -17*w + 73. Suppose -192 = -45*v - 3*v. What is j(v)?
5
Let c(w) = -7*w**2 - w - 4. Let g(y) = -2*y**3 + 130*y**2 - 131*y + 192. Let o be g(64). Determine c(o).
-4
Let y = 27 + -26. Let t(j) = 3*j**2 - j. Let c be t(y). Let i(h) = 6 + h - 2*h**2 - 2*h**3 - 5 + 0*h**c. Give i(-2).
7
Let f(y) be the second derivative of -y**4/6 - 5*y**3/6 - 3*y**2 + 204*y - 2. Calculate f(-2).
-4
Let s(d) = -7*d - 40. Let q be s(-8). Suppose q = 382*r - 386*r. Let h(b) = b**3 + 6*b**2 + 7*b - 8. Give h(r).
-4
Let i(y) be the third derivative of -y**4/3 + 4*y**3/3 - 8*y**2 - 75. What is i(5)?
-32
Let v(x) = -x**2 - 15*x + 4. Suppose -241*f + 544 = -309*f. Determine v(f).
60
Let a(t) = -t**2 - 19*t - 7. Let p be a(-18). Let v(g) = -3*g - 1. Let q(y) = y - 2. Let k(i) = 4*q(i) + v(i). Give k(p).
2
Let b(d) be the third derivative of -d**6/120 + 3*d**5/20 + d**4/24 - d**3/6 - 843*d**2. What is b(8)?
71
Let y(m) = -2 - 5 + 3*m + 2. Suppose 0 = -17*r + 14*r - 1023. Let g = 347 + r. What is y(g)?
13
Let l be (5 + -7)*1*-4. Let i = l + -15. Let q(f) = -8*f + 1 - 1 - f**2 - 5 + 4. Calculate q(i).
6
Let h(j) = j**3 - 13*j**2 + 9*j - 6. Let m be h(12). Let l be (21 - 23)*m/(-4). Let n be l/(-2)*16/(-24). Let t(y) = -y**2 - 7*y + 8. Give t(n).
8
Let u(w) be the second derivative of 0 - 16*w + 1/6*w**3 - 5/2*w**2. Suppose -7 = -3*a + 4*r, -3*r + 19 = 4*a - 7. Give u(a).
0
Let d(v) = -v**2 - 7*v - 7. Let x = 9 + -16. Let c be d(x). Let w(z) be the third derivative of -z**4/12 - 4*z**3/3 + 9476*z**2. Give w(c).
6
Let v = 50781 + -50779. Let u(q) = -11*q - 26. Let f(r) = 9*r + 9. Let d(t) = -8*t - 9. Let n(w) = -5*d(w) - 4*f(w). Let p(g) = 17*n(g) + 6*u(g). What is p(v)?
1
Let f = 4 + -1. Let s(c) be the second derivative of 3/2*c**2 + 1/3*c**3 - 1/12*c**4 + 0 + 12*c. Calculate s(f).
0
Let h(t) = 2*t - 2. Let r(m) = -2*m**2 - 5*m + 7. Let d(q) = -2*h(q) - r(q). What is d(-6)?
63
Let l(q) = 36*q + 37090*q**3 + 45*q**2 - 13*q - 37088*q**3 + 17. What is l(-22)?
-5
Let k(x) = -116 + 13*x**2 - 12*x**2 + 114. Let z be (-18)/(-27) + 64/(-6). Let m be 1/2 - z/(-4). Calculate k(m).
2
Let m(a) = 3*a**3 - 4*a**2 - 3*a + 1. Suppose 3*b + 5*g + 29 = 3, -2*b - 2*g = 12. Determine m(b).
-33
Let l(c) = -c**2 + 91*c - 1537. Let t be l(69). Let v(w) = -w**2 - 23*w - 77. What is v(t)?
-1
Let s(i) = -i**3 - 5*i**2 - 5*i - 2. Suppose -3*f - 2*b = 18, 10 = -15*f + 11*f + 2*b. Let u = 0 - -1. Let x = u + f. Calculate s(x).
-5
Let v(j) = 2 + 11*j + 4 - 